+ 2*l. What are the prime factors of l?
11
Suppose -n - 21 = -2*n. Suppose 4*m - 23 = 2*v + 7, m = -4*v + n. What are the prime factors of m?
3
What are the prime factors of ((-1359)/(-12))/(27/72)?
2, 151
What are the prime factors of 1/3*-3 - -70?
3, 23
Suppose 3*v = -100 - 134. Let s = -36 - v. What are the prime factors of s?
2, 3, 7
Suppose 4*k = y - 0*y - 4, 2*y + 4*k = 8. Suppose 4*s = y + 72. List the prime factors of s.
19
Suppose 0 = t + 2*t + 3*z + 108, 4*t = z - 144. What are the prime factors of (-1)/((-15)/t)*-5?
2, 3
Let l(n) = 2*n**3 - 14*n**2 - 10*n - 13. Let z(d) = 3*d**3 - 27*d**2 - 20*d - 26. Let x(s) = 5*l(s) - 3*z(s). List the prime factors of x(-10).
13
Let q(v) = 7*v - 5. Let o be q(4). Suppose -5*r = 3*y - 0*r - o, -y + 10 = 4*r. List the prime factors of y.
2, 3
Let x be (2 - 0)/((-4)/(-10)). Suppose x*m = 3*p - p + 120, -5*p = -2*m + 69. Suppose 5*b - m = 13. What are the prime factors of b?
7
List the prime factors of 625/30 - (-1)/6.
3, 7
Suppose 3*r + 3*z - 9 = -0*r, -3*r + 21 = -3*z. Suppose -r*h + 27 = 7. Suppose -b + 22 = -3*d, h*d = -b - 0*b - 6. List the prime factors of b.
2, 5
Suppose -u = -2*u. Suppose 3*i - 4*o - 9 = u, -7*i + 34 = -3*i + 2*o. What are the prime factors of i?
7
Suppose -w + 5*f = 0, -w - 6*f + f = 0. Let g be w/2 + (-2 - 11). Let l = 24 + g. What are the prime factors of l?
11
What are the prime factors of 483/6*4/7?
2, 23
Suppose -k + 4*k - 203 = -4*l, -2*k - l = -127. What are the prime factors of k?
61
Let w be (-2)/(-3) - 492/(-18). Suppose 4*v - w = -8*p + 3*p, 3*v - 10 = -p. Suppose -g = 4, 5*g + 1 = -v*b + 3. What are the prime factors of b?
11
Let v(s) = -s**2 - 5*s + 7. Let x be v(-5). Suppose x = 5*h - 43. Let t = h + -4. What are the prime factors of t?
2, 3
Let k(n) = -5*n - 6. Suppose -q + 3 = -i, 0 = -3*i + 3*q + q - 7. List the prime factors of k(i).
19
Suppose -4*a = 4 - 20. Suppose -m = 2*p + 3*p - 12, -a*p + 5*m + 27 = 0. What are the prime factors of (p/(-2) - -2)*22?
11
Suppose -25 = -2*s - 3*s. Suppose -20 = -s*c - 5*k, 3 + 13 = c - 2*k. List the prime factors of c.
2
Suppose -4*t = -5*v + 177, -5*v = -t + 6*t - 150. List the prime factors of v.
3, 11
What are the prime factors of -1 + 397 + (-4 + -4 - -4)?
2, 7
What are the prime factors of 4/6 + 1000/30?
2, 17
Suppose -8*k - k = -1170. What are the prime factors of k?
2, 5, 13
List the prime factors of 51 - (0 - (4 - 3)).
2, 13
Suppose 2*n - 77 = -2*v - 11, 2*n = -10. What are the prime factors of v?
2, 19
Suppose 4*x + 3*s + 24 = -0*x, -3*s = -12. Let q = x + 20. What are the prime factors of q?
11
Let w(p) = -p**2 - p - 2. Let a be w(-2). Let g be (2/a)/((-4)/(-24)). What are the prime factors of (-28)/(-6) - (-2)/g?
2
Suppose 6 = s + s. Suppose -3*r = 3*i - 15, -5*r = -r - s*i + 8. Suppose 4*v - 7 = r. What are the prime factors of v?
2
Let r be ((-3)/6 + 1)*36. Let v = r - 11. Suppose -2*o = -v - 9. What are the prime factors of o?
2
Let y be 9/(-36) + 10/8. Suppose y - 6 = j + 2*u, 2*j + 6 = -3*u. Suppose 0 = k + n + j*n + 5, -2*n - 70 = -4*k. What are the prime factors of k?
3, 5
Let r(g) = 5*g**2 + 3*g. Let y be r(-2). Let c = 28 - y. What are the prime factors of c?
2, 7
Let c(y) = 14*y**3 + 5*y**2 - 18*y - 23. Let u(x) = 5*x**3 + 2*x**2 - 6*x - 8. Let h(b) = 6*c(b) - 17*u(b). What are the prime factors of h(-4)?
2, 11
Let h(w) = 5 + w + w + w + 2*w**2 + 3*w. List the prime factors of h(-4).
13
Suppose 0 = 3*p - 23 - 7. Let x(w) = -w**2 + 4*w. Let y be x(4). Let d = p + y. List the prime factors of d.
2, 5
Suppose g = 2*g - 2. Let h = 0 + g. Suppose -y + h = -0*y. What are the prime factors of y?
2
Let w(s) = s**3 + 6*s**2 + 2*s + 4. Let z be w(-3). Let r = z - 13. List the prime factors of r.
2, 3
Let q(i) = -i**3 + 8*i**2 + 9*i + 13. What are the prime factors of q(8)?
5, 17
Let r(l) = l**2 + 5*l. Let h be r(-6). Let c(u) = u + 2. Let o be c(h). Let k = o - -2. What are the prime factors of k?
2, 5
Let p(z) = z**3 + 4*z**2 + 2. Let s be p(-4). Let f = -4 - -7. Suppose -n + f = -s. List the prime factors of n.
5
Suppose 2*f - 4*q - 8 = q, 2*f - 8 = -2*q. Suppose f*r + 36 = 2*d, d + r = -r + 30. List the prime factors of d.
2, 3
Let p(w) = w + 5. Let h(g) = -5*g**3 - g + 1. Let x be h(1). Let k be p(x). Suppose 4*i + k*v = -2*v + 14, -13 = -4*i - v. List the prime factors of i.
3
Suppose 0*u - u - 4*t = -25, -4*t = 5*u - 141. What are the prime factors of u?
29
Suppose 3*w - 245 = 49. Suppose -4*m + 4*j - 30 = -w, 5*m - 97 = j. List the prime factors of m.
2, 5
Suppose -3*p = -12, -5*d - 5*p + 480 = -0*p. What are the prime factors of d?
2, 23
Let f be ((-1)/(-2))/((-2)/24). List the prime factors of (1 + (-21)/9)*f.
2
Let d = 9 + 9. Suppose -5*g + 3*u = -70 + d, 35 = 3*g + 2*u. List the prime factors of g.
11
Let x = 120 + -64. Suppose 0 = g - 5*g + x. List the prime factors of g.
2, 7
Suppose 2*m = m. Suppose m*j + 15 = 5*j. Suppose q + 5 = 0, -c - 6*q + j*q = 6. What are the prime factors of c?
3
Let j(d) = d + 5. Let w be j(0). Let i(m) = m**3 - 4*m**2 + m - 6. List the prime factors of i(w).
2, 3
Let j be (-262)/11 + (-14)/77. Let x = -16 - j. List the prime factors of x.
2
Let b = 22 - 10. Let t = b + -10. List the prime factors of t.
2
Suppose 4*p + 0*p - 20 = 0. Let j = p + -4. What are the prime factors of 15/1 - (-2 - j)?
2, 3
Let o(n) = -n**3 - 6*n**2 + 7. What are the prime factors of o(-6)?
7
Suppose 39 = -z - 4*t + 95, -t = 3*z - 201. What are the prime factors of z?
2, 17
Suppose -2*o + h - 1 = 0, -5*h + 10 = -3*h. Suppose b - 111 = -o*b. What are the prime factors of b?
37
Let c(o) = -o - 3. Let t be c(-5). Let r = 5 + t. List the prime factors of r.
7
Let q(t) = -t**2 + 7*t - 4. Let i be q(6). Suppose y - 2*y = i. Let a = 7 - y. List the prime factors of a.
3
Suppose 2*g - 1 = h - g, -4*g - 4 = -4*h. Let o be h*(6/3)/2. Suppose -4*l + 36 = 3*n, n - o*l - 18 = -6. List the prime factors of n.
2, 3
Let z(m) = -m**3 + 10*m**2 - m + 12. Let u be z(10). Suppose 3*f - 66 = u*q, -8*q - 110 = -5*f - 4*q. What are the prime factors of f?
2, 11
Suppose a = -2*a + 183. List the prime factors of a.
61
Suppose -o = 4*o. Suppose o = -3*j - 3 - 15. What are the prime factors of 2/6 + (-58)/j?
2, 5
Let c(t) = 32*t**3 - t**2 - t + 1. What are the prime factors of c(1)?
31
Let i = 9 + 4. List the prime factors of i.
13
Suppose -2*y + 3*y = 2, a = -y + 2. Suppose a = 5*d - 3*d - 54. What are the prime factors of d?
3
Suppose 5*h = -2 + 27. Suppose 3*p - 5 = -z + 13, h*z - 2*p - 107 = 0. List the prime factors of z.
3, 7
Suppose -3*i - 16 = -7. List the prime factors of ((-3)/9 - 1)*i.
2
Let x(j) = -3*j**3 - 4*j**2 - j + 2. Let d = 22 - 25. What are the prime factors of x(d)?
2, 5
Let t(k) = 2*k**2 - 9*k + 7. What are the prime factors of t(7)?
2, 3, 7
Suppose 3*n + 11 = 4*l + l, 4*l + 2*n - 22 = 0. Let m(z) = 6*z + l*z + z - 8 - 4*z + z**2. What are the prime factors of m(-9)?
2, 5
Let z(m) = -4*m**2 + 21*m**2 + 14*m + 7*m**3 - 6*m**3 - 7. List the prime factors of z(-16).
5
Suppose a = 3*d - 14, 0 = -d - 2*a - 3*a + 26. What are the prime factors of (-1)/(-2) + 9/d?
2
Let i be (2 + -5)*(2 + -3). Suppose i*m - 30 = 6*m. List the prime factors of 8/20 + (-86)/m.
3
Let u(y) = y - 2. Let k be u(-3). Let f(d) be the second derivative of -d**3/6 + d**2/2 + d. List the prime factors of f(k).
2, 3
Let s = 4 + 1. Suppose 2*t + 0*t = 5*n - 16, -s*n + 4*t = -12. Suppose 3*h = 13 - n. What are the prime factors of h?
3
Let y be 3/9 - 10/(-6). What are the prime factors of (-260)/(-5) - (y + -1)?
3, 17
Suppose -4*u + 2916 + 148 = -4*m, 0 = 5*u + m - 3854. What are the prime factors of 12/54 + u/18?
43
Let s be -1 + 6*1 + -2. List the prime factors of (-22)/3*s/(-2).
11
Suppose r - 11 + 2 = 3*h, 0 = -r - 5*h + 9. What are the prime factors of r?
3
Let d = -34 + 70. List the prime factors of d.
2, 3
Let n = 175 - 69. Let m = -72 + n. List the prime factors of m.
2, 17
Let r(d) = -d - 16. Let o be r(-15). What are the prime factors of (1 - o)*(-75)/(-6)?
5
Suppose -287 = c - 4*c - 2*u, 5*u + 470 = 5*c. List the prime factors of c.
5, 19
List the prime factors of -2 - ((-12)/(-3) - 84).
2, 3, 13
Suppose q - 1 = 2. Suppose 39 = q*r - 6. What are the prime factors of r?
3, 5
Let y(o) = o**2 + 7*o - 4. Let v be y(-8). Suppo